e
Let z = -992 - -4623. Is z composite?
False
Let n(v) = 511698*v - 43. Is n(2) prime?
True
Is 2094/3490 - (1 - 192594/10) a composite number?
False
Let y(t) = t**3 + 6*t**2 + 4*t - 2. Let h be y(-4). Let c(q) = 9*q + 25. Let n(j) = -8*j - 25. Let r(x) = -5*c(x) - 6*n(x). Is r(h) composite?
False
Let a(f) = 29*f + 21. Let d = 10 + -7. Suppose 4*j - d*v = 58 + 18, -4*v + 82 = 3*j. Is a(j) prime?
True
Suppose 0 = 5*r + 10, y + 2*r + r + 7 = 0. Let x be (y - (-4 + 3)) + 978. Suppose 0 = i - 3*i + x. Is i composite?
True
Suppose -4*s + s + 44369 = -72598. Is s composite?
True
Let t be (-112122)/(-7) + -2 - (-123)/(-287). Suppose 14*s - t = 9*s. Is s prime?
True
Suppose 697*d + 501826 = 723*d. Is d composite?
False
Let s be ((-18)/(-3) - 162)*37. Let k = s + 13595. Is k a composite number?
False
Let o = 71812 + 24969. Is o composite?
True
Let w(b) = -2*b**3 - 11*b**2 - 7*b + 3. Let x be 4/2 - (9*4)/(-2). Suppose 5*c + 36 = -2*d, -5*d - 28 = 2*c + x. Is w(d) composite?
False
Is (8 + -4)*665232/192 composite?
False
Suppose 2*l = -3 + 3. Suppose -3*u - 9*u + 101316 = l. Is u a composite number?
False
Let j be 3/(-2) + 50/4. Let o be j + (-5 - (-5 + 4)). Suppose -f + o*f - 1212 = 0. Is f a prime number?
False
Let c(f) be the second derivative of 3/2*f**2 + 19*f + 0 + 2/3*f**4 + 0*f**3. Is c(-4) a composite number?
False
Let z(y) = 15*y**2 - 2*y - 2. Let d(o) = -46*o**2 + 6*o + 7. Let c(g) = -4*d(g) - 11*z(g). Suppose 216*s - 213*s = 9, -47 = -5*j - 4*s. Is c(j) a prime number?
True
Suppose 0 = 348*k - 44*k + 86*k - 76670490. Is k prime?
False
Suppose 26*t - 8260750 - 3009059 = -846643. Is t a prime number?
False
Let w = 387661 - 206814. Is w a composite number?
False
Let y be -10814*((-45)/6)/3. Suppose 0 = -q - 5*h - 26990, -2*q + q - y = -4*h. Is (1/(-3))/(5 - (-135080)/q) a composite number?
False
Let v(w) = 11*w**3 + 10*w**2 + 8*w - 11. Let s(x) = 2*x**3 + x + 1. Let y(i) = -4*s(i) - v(i). Is y(-6) a composite number?
False
Suppose 0*z - 9 = 9*z. Let o be ((-2)/z - 16408)*325/26. Is o/(-35) - 4 - (-2)/(-7) composite?
True
Let z(r) = 6*r**2 + 2*r + 4. Let k be z(3). Suppose -8*w + k = -38808. Suppose 0 = 6*g - 1051 - w. Is g a composite number?
True
Suppose 3*z + 1 = 55. Let a be (1002/4)/(3/z). Let b = a - 1058. Is b a composite number?
True
Let q(d) = -7*d - 299. Let r be q(-35). Is -5 - (18256/(-18) + (-12)/r) a composite number?
False
Suppose 0 = 39*j + 17*j - 112463 - 854601. Is j a prime number?
False
Let s be (-25)/(-2)*(-66)/(-55). Let r = s - 14. Is -1*(-330 + -1)*r prime?
True
Let m = 204 - 199. Suppose 0 = m*g + 16*g - 70077. Is g a prime number?
False
Suppose -5*u - 20 = -30. Suppose -2*o + 0 = -4*r + 2, 29 = 4*o + 3*r. Suppose 3*j - 231 = 3*s, -o*j + u*s - 3*s = -385. Is j a prime number?
False
Let k(h) = -h**3 + 3*h**2 + 15*h - 25. Let m be k(5). Let w(a) = -a**3 - a**2 - 3*a + 3799. Is w(m) prime?
False
Suppose -26*l + 18*l = 33856. Let q = -799 - l. Is q a prime number?
True
Let y be 3/4 + (-5436270)/(-120). Suppose -o - 13601 - y = -2*c, 3*c = 3*o + 88359. Is c prime?
False
Suppose 0 = -22*y + 48 + 33 - 15. Let b be (846/(-4))/((-1)/4). Suppose y*z - 2451 = b. Is z a composite number?
True
Suppose -4*h + 84 = 3*n, -19 = -5*h - 5*n + 91. Let y(z) = 94*z - 23. Is y(h) a prime number?
True
Suppose -3*a = 4*g - 226663, -3*a + 45264 + 11422 = g. Is g composite?
False
Suppose -4 = 2*o + 2*o, -3*d + 2*o = -260. Suppose -80*q = -d*q + 858. Is q a composite number?
True
Suppose -25*w + 851917 + 1470565 = -1007343. Is w a composite number?
True
Suppose -62959 = -21*g - 4642. Is g a composite number?
False
Let h = -636 + 1255. Let n(j) = -j**3 - 3*j - 5. Let y be n(-2). Suppose -h = -y*t + 254. Is t a composite number?
False
Suppose 522 = 16*n - 10*n. Let y = n + -49. Let p = y + 77. Is p composite?
True
Suppose -2813361 = -15*c - 748866. Is c a prime number?
True
Let x be 58/8 - (-13)/(-52). Let p(r) = 64*r + 35. Let y(d) = -32*d - 18. Let i(a) = x*y(a) + 3*p(a). Is i(-13) prime?
False
Let k = -518 + 1360. Suppose -4*g = 2*v - k, -v + 3*g = 4*g - 418. Is v a composite number?
True
Let m(b) = 8*b**2 - 6*b**2 - b**3 - 15 + 3*b**2 + 8*b. Let z be m(6). Is (0 + -3)*(-27 + (1 - z)) composite?
True
Let w(b) = -b**2 - 41*b + 26. Is w(-20) a prime number?
False
Let r be ((-15)/(-4))/((-27)/(-36)). Suppose -1021 = -5*h - 4*i, 0 = -5*h + r*i - 0*i + 1030. Is h composite?
True
Suppose -400*l + 416*l = 2306416. Is l a prime number?
False
Let w(n) = n**3 + 11*n**2 + 10*n - 3. Let o be w(-10). Is 1066 - o/(-6)*-6 a prime number?
True
Let z = -39949 - -68100. Is z composite?
False
Suppose s + 5*d = 13731, -5*s + 4*s + d + 13755 = 0. Let x = -3100 + s. Is x prime?
True
Let p(r) = -78*r**3 + r**2 - 4*r + 5. Let b be p(2). Let h = 1562 + b. Is h a prime number?
False
Suppose -4*x + 7 = -1. Let r = 170 - 168. Suppose a - x*a + 437 = -5*z, r*z = 2*a - 858. Is a composite?
True
Suppose -4398 = -5*t + 4*j, 0 = -3*t - j - j + 2630. Let h = -1479 + t. Let y = -278 - h. Is y prime?
False
Let j(r) = 2711*r**2 + 10*r + 7. Let l be j(-4). Suppose d - a - 14461 = 3*a, -l = -3*d + 4*a. Is d prime?
False
Let g(t) = t**3 - 14*t**2 + 12*t + 16. Let p be g(13). Let x be p - (0/(-2) - (-1 + 1)). Suppose 4*q - 331 = x*k + 118, -5 = -5*k. Is q composite?
False
Let x be 5/4*-158*(-36)/(-15). Let o = x + 913. Let a = 34 + o. Is a composite?
True
Let i be 6/((-18)/(-15)) - 3. Suppose -2*h + 6*h = i*m + 538, -4*m + 244 = 2*h. Is -1 - (-6)/8 - (-38709)/h composite?
False
Is 3/((-27)/(-151840)) + 31/(-279) composite?
False
Suppose 15*u + 506573 = -473812. Let k = 99176 + u. Is k a prime number?
False
Suppose -2*o = -3*c + 5730, 6*c - c = 3*o + 9548. Is c prime?
False
Let z = -46 - -55. Suppose 15 = 6*a - z. Suppose a*k + 653 = -2*m + 4271, 4*k - 2*m - 3638 = 0. Is k a composite number?
False
Let p be 4 + -4 - (-1 - -18). Is (-6693)/(-30) + p/170 composite?
False
Suppose a - 3*y = 333, 3*a + 665 = 5*a - 5*y. Let h be 76 - -52 - (0 + 9). Let f = a - h. Is f a composite number?
False
Suppose -49*f - 38335 = -236*f. Is f a composite number?
True
Let o(m) = 2*m**2 - 7*m + 9. Let j be o(4). Suppose 732 = 17*i - j*i. Let r = i - -50. Is r composite?
False
Let x be (3 + 1)*(-5446)/(-8). Let n = -1939 + x. Suppose 5*h + 3*i - 762 = 1159, -2*h + n = -4*i. Is h prime?
False
Suppose -92*d = 20*d - 6503921 - 298623. Is d composite?
False
Let t(s) = -7256*s + 1189. Is t(-24) a prime number?
True
Let b(u) = 3*u - 11. Let d(l) = l. Let a(f) = b(f) - 2*d(f). Let s be a(16). Suppose h - 5*m = -3*h + 1062, 1317 = s*h - m. Is h a prime number?
True
Let j = -5 + 6. Is j + (-21976)/(-2)*2 prime?
True
Let s be -12*(4631/66 + 1/3). Let k = s + 2389. Is k a prime number?
True
Suppose -13*f - 8*f + 3510893 = 16*f. Is f prime?
True
Let d(z) = z**2 + 3*z - 172. Let m be d(-15). Suppose 12*r - 20348 = m*r. Is r composite?
False
Suppose -2*a + 4*a = 8. Let n be (-7 + 26598/(-31))*2*(-1)/2. Suppose a*q - 651 = n. Is q composite?
False
Suppose -2*l = l - 4*m - 9, -l + 5*m + 3 = 0. Suppose -l*b = -6*b + 12. Suppose -4776 = -b*r - c, -2*r - r - 5*c + 3565 = 0. Is r prime?
False
Let d(b) = 6 + 8*b + 3*b**2 + 2 - 3 - 6. Let p be d(-15). Suppose p = 13*y - 12*y. Is y a prime number?
False
Let f be -2*(-2)/(-8)*48/(-6). Let k be 15/1*(f - 7900/(-15)). Suppose 6*l - k = -2*l. Is l composite?
True
Let q(w) = 148*w - 30. Let s be q(7). Suppose 0 = 2*t - 1734 - s. Suppose 2*f = -2*k - 2*f + t, -4*f - 12 = 0. Is k composite?
False
Suppose 0*l - 2*l - 12 = 5*i, 0 = 2*l + 3*i + 4. Suppose -1481 = -5*d + l*d. Is d a composite number?
False
Is 184131 - ((-12)/30)/(2/(-20)) a prime number?
False
Let j = 25430 + 42453. Is j a composite number?
False
Suppose -5*d + 25073 = a, 4*a - 16*d - 100292 = -19*d. Is a prime?
True
Suppose 7*o + 4*o + 13849 = 0. Is o/((28/8 - 4)*2) prime?
True
Let z(j) = -j**3 - 23*j**2 + 24*j + 53. Let l be 182/39*(-72)/14. Is z(l) a prime number?
True
Suppose 9*r = -6*r + 29685. Suppose 29*p + r = 30*p. Is p prime?
True
Let q = -33853 + 105290. Is q prime?
True
Suppose 18*t = 11*t + 2378166. Suppose 54*l = 83136 + t. Is l composite?
True
Suppose 13*g = 2*g. Suppose 3*o - 2*j - 5235 = 0, -3*o + 2*j - 7*j + 5235 = g. Is o a prime number?
False
Suppose 0*q + 346 = 3*q - 4*m, -20 = 5*m. Suppose 5*h = -0*h + 